75
In base 10, what is -74 - -691?
617
In base 11, what is -1638767 - -5?
-1638762
In base 12, what is -2 - -2b032?
2b030
In base 13, what is -c - 4323?
-4332
In base 15, what is -33a10c + 5?
-33a107
In base 11, what is 10932 + -92?
10850
In base 10, what is 75 - -7261?
7336
In base 11, what is 920 + 21?
941
In base 7, what is -445 - -442?
-3
In base 2, what is -11001000 - 100001?
-11101001
In base 11, what is 225a + -201?
2059
In base 3, what is 10020112 - -201?
10021020
In base 12, what is 1616a - 3?
16167
In base 3, what is -2 + 1001021002200?
1001021002121
In base 15, what is 36c7 - -14?
36db
In base 4, what is -13 - -2110033?
2110020
In base 13, what is -a58 + -169?
-bc4
In base 2, what is 10101000101 + 10011110?
10111100011
In base 16, what is -21 - 26f2?
-2713
In base 12, what is -4624 - 296?
-48ba
In base 13, what is -13343 + 7?
-13339
In base 16, what is 1023b + e?
10249
In base 2, what is 0 - -1010010000111001?
1010010000111001
In base 7, what is 305661 - 13?
305645
In base 5, what is 1241003 + 442?
1242000
In base 10, what is -1264 - -24?
-1240
In base 7, what is -4 + 64032?
64025
In base 4, what is -1220131 - -21?
-1220110
In base 10, what is 2184 + 145?
2329
In base 9, what is -17806 + 28?
-17767
In base 9, what is 6 + -200075?
-200068
In base 16, what is 1 + 1f8b3?
1f8b4
In base 2, what is 101 - -1001100000110001?
1001100000110110
In base 13, what is 5 - 3c53?
-3c4b
In base 5, what is 0 - -12224223?
12224223
In base 3, what is -110222 + -212220?
-1100212
In base 4, what is -20331 - -30213?
3222
In base 15, what is -1396 - -16?
-1380
In base 7, what is -2532 - 333?
-3165
In base 10, what is -6 + 179071?
179065
In base 9, what is 10 - 17571?
-17561
In base 10, what is 28 + -4943?
-4915
In base 10, what is 5 - -13405?
13410
In base 6, what is 55210 - -20?
55230
In base 4, what is -11132302 + -10?
-11132312
In base 9, what is 3 - 400074?
-400071
In base 11, what is 1540 - 67?
1484
In base 4, what is -210233 + -3220?
-220113
In base 14, what is -28 + 903?
8b9
In base 7, what is 4 - 55430?
-55423
In base 12, what is 9aa50 - 2?
9aa4a
In base 13, what is 2 + 4a06?
4a08
In base 9, what is 587 - 1?
586
In base 11, what is -2 + 2780?
2779
In base 16, what is -5 + -25fb?
-2600
In base 16, what is 0 + 18d22?
18d22
In base 16, what is e2 - -bc5?
ca7
In base 9, what is -110002 - 71?
-110073
In base 14, what is -2611c1 + -3?
-2611c4
In base 16, what is 3 + -7b943?
-7b940
In base 16, what is 25 - 8e?
-69
In base 16, what is 19ca54 + -1?
19ca53
In base 4, what is 122 - 111?
11
In base 7, what is -40515 - -400?
-40115
In base 16, what is -5 + -935d6?
-935db
In base 4, what is -102321 - -1212?
-101103
In base 10, what is 619 - -8?
627
In base 2, what is 1111010 - 100000001?
-10000111
In base 9, what is 41 - 1633?
-1582
In base 12, what is 4b + -1377?
-1328
In base 16, what is -20 + -2189?
-21a9
In base 14, what is c + -428?
-41a
In base 3, what is -202220 - -10022010?
2112020
In base 4, what is -203210133 + -10?
-203210203
In base 5, what is -4 - -142141?
142132
In base 7, what is 3 - -6406154?
6406160
In base 6, what is 5125 + -2?
5123
In base 13, what is 4 + 4b346?
4b34a
In base 2, what is -1100001 - 1010101011?
-1100001100
In base 3, what is -11 + -1012000210102?
-1012000210120
In base 6, what is 12525 + -1543?
10542
In base 11, what is 10424 + -3?
10421
In base 2, what is -1 + -10000010101111100?
-10000010101111101
In base 10, what is 1736 + 1521?
3257
In base 12, what is 6aaab - -2?
6aab1
In base 4, what is -23 - 10120000?
-10120023
In base 14, what is 47c7 + -3a?
478b
In base 7, what is 3 + -4205?
-4202
In base 12, what is 5 - a409?
-a404
In base 12, what is 2 - 11785?
-11783
In base 12, what is -2383 - -11?
-2372
In base 4, what is -1000202223 - 11?
-1000202300
In base 7, what is 1515 - 3?
1512
In base 8, what is -5 - 7013?
-7020
In base 4, what is 223231021 - 11?
223231010
In base 11, what is 283a12 - -5?
283a17
In base 11, what is 9227 - 6?
9221
In base 2, what is 11001111010100 - 10100?
11001111000000
In base 14, what is 112155 - 3?
112152
In base 6, what is 1120 + -2145?
-1025
In base 8, what is 153170 + 1?
153171
In base 9, what is 270551 + 6?
270557
In base 10, what is 700 + 5326?
6026
In base 4, what is -2132 + 1233113?
1230321
In base 8, what is 5 + -604165?
-604160
In base 13, what is -3 + -32bc?
-32c2
In base 9, what is 14614 - -1?
14615
In base 13, what is -c + 1511?
1502
In base 10, what is 2459 - 40?
2419
In base 7, what is 5630226 + 4?
5630233
In base 8, what is 53 - -50?
123
In base 9, what is 6 + -372323?
-372316
In base 13, what is -5 + 246?
241
In base 7, what is 2510 - -144?
2654
In base 11, what is 5574 - 66?
5509
In base 6, what is 30034 + -104?
25530
In base 12, what is -587b1 + 0?
-587b1
In base 11, what is 69a23 - -1?
69a24
In base 10, what is 4 + -125872?
-125868
In base 11, what is 2 + -a869?
-a867
In base 4, what is -1032 + -1032?
-2130
In base 6, what is -1054 + -5403?
-10501
In base 9, what is -16217 + -23?
-16241
In base 4, what is 11 - -1221022?
1221033
In base 3, what is -20020002 - 122?
-20020201
In base 2, what is 10100100 + -1000101010111?
-1000010110011
In base 3, what is -200 - -1111102210?
1111102010
In base 16, what is -2 + 1f20a?
1f208
In base 4, what is -1232322 + -2?
-1232330
In base 2, what is -1010100 - 10110011111?
-10111110011
In base 4, what is 113020010 - -100?
113020110
In base 2, what is 101111101 - -1101110001?
10011101110
In base 14, what is 395 + -20d?
186
In base 11, what is 12 + -6936?
-6924
In base 13, what is -2b7 + -466?
-750
In base 12, what is -b - -7b66?
7b57
In base 4, what is 1030 - -1210?
2300
In base 11, what is -6 - 21097?
-210a2
In base 4, what is -332201322 + 1?
-332201321
In base 11, what is 8 - -21835?
21842
In base 4, what is 3101 - 13103002?
-13033301
In base 6, what is 20 - -41455?
41515
In base 8, what is 131323 + -1?
131322
In base 5, what is -4 + 2121120?
2121111
In base 11, what is 4 + -33486?
-33482
In base 3, what is 12 - -2221012?
2221101
In base 12, what is -9a4b6 - -5?
-9a4b1
In base 2, what is 100 - -100011010001?
100011010101
In base 13, what is -86658 + -3?
-8665b
In base 10, what is -41626 + 5?
-41621
In base 7, what is 151 - -162?
343
In base 9, what is -238286 - 15?
-238312
In base 13, what is 8677 + 1?
8678
In base 11, what is -27 + 210?
194
In base 10, what is 0 + -969541?
-969541
In base 8, what is -3 - -100563?
100560
In base 2, what is -1100000101011001 - 0?
-1100000101011001
In base 4, what is 111313 - 132?
111121
In base 8, what is 20 + 116571?
116611
In base 6, what is -22 + 2213202?
2213140
In base 12, what is -1 + 92244?
92243
In base 3, what is -10122 - 112201?
-200100
In base 16, what is 3 - e7d?
-e7a
In base 12, what is 0 - 247?
-247
In base 2, what is -11111111 + 10010110?
-1101001
In base 11, what is -315172 + -5?
-315177
In base 12, what is -b41a48 + -3?
-b41a4b
In base 4, what is 2203 + -201?
2002
In base 13, what is -b - 2088?
-2096
In base 15, what is 857 + 32?
889
In base 10, what is 299713 - 4?
299709
In base 13, what is -2 - 4b02?
-4b04
In base 10, what is -1 - 6600?
-6601
In base 8, what is -313 - -4767?
4454
In base 2, what is 101110101010 - -110111010?
110101100100
In base 3, what is 212 + -121002211?
-121001222
In base 5, what is -2 - 1024310103?
-1024310110
In base 12, what is a - -15b9a?
15ba8
In base 8, what is -57552434 + 4?
-57552430
In base 2, what is 10001111001101101 + 101?
10001111001110010
In base 4, what is 30122 + -230?
23232
In base 9, what is -252005 + -8?
-252014
In base 16, what is -39 + -121?
-15a
In base 6, what is 4 + -1003032?
-1003024
In base 7, what is -14 - -12601?
12554
In base 12, what is -3 - 62994?
-62997
In base 13, what is -2 + 82704?
82702
In base 3, what is -20 - -1101200?
1101110
In base 6, what is 5 + 1245324?
1245333
In base 4, what is -103020002 + -301?
-103020303
In base 12, what is 6 - -6b65?
6b6b
In base 12, what is b3a7 - 3?
b3a4
In base 12, what is 19 - -a9b?
ab8
In base 16, what is -1305b - 22?
-1307d
In base 14, what is -1ac - -a9a?
8cc
In base 6, what is 35 - -145154?
145233
In base 4, what is 1 - 120111?
-120110
In base 15, what is 84 - -62?
e6
In base 13, what is -8556 + -5?
-855b
In base 9, what is -65 - 64716?
-64782
In base 9, what is 10 + -2438?
-2428
In base 7, what is 416 + -